m). Determine c(0).
5
Let u = -19788 - -19779. Let h(r) = -7*r - 3. Determine h(u).
60
Let z(x) be the second derivative of -x**6/720 + x**5/10 - 61*x**4/6 + x + 27. Let g(b) be the third derivative of z(b). Give g(-7).
19
Let h(t) = -4*t + 23. Suppose 0 = 2*m + 5*g + 39, -246 = -5*m - 4*g - 318. Give h(m).
71
Let z = 46 + -45. Suppose -2*q - z = b, 3*q = -6*b + b + 9. Let i(w) = -w**3 - 3*w**2 + w + 3. Give i(q).
-3
Let g(u) = -5*u + 4. Let n be (580/406)/(2/126). Suppose -8*j + n = 50. Determine g(j).
-21
Let y(s) = 3 + 5*s + 3 - 3 + s**2. Suppose -7*l = -10*l + 3*w - 1347, -2*l - 890 = 2*w. Let i = 440 + l. Determine y(i).
17
Let p(q) = 244*q + 35. Let a(f) = -37*f. Let r(c) = -6*a(c) - p(c). Give r(-2).
9
Let u(p) be the third derivative of -p**4/12 + 14*p**3/3 - 2*p**2. Let a = -71396 - -71409. Determine u(a).
2
Let y(h) = -3 + 3 + h**2 + 6*h - 4. Let x(f) = 408*f - 3268. Let r be x(8). Determine y(r).
-12
Let b be (-24)/(-90)*(-350)/(-112). Let t(j) be the second derivative of 2*j**2 - 1/12*j**4 - b*j**3 + 0 + 14*j. Determine t(-5).
4
Let g(p) be the first derivative of -p**4/4 - 2*p**3/3 + 5*p**2/2 - 3*p + 2. Suppose -6*m - 41 = -17. Give g(m).
9
Let j be ((3/(-2))/((-73)/(-438)))/1 - -2. Let s(a) = 5*a**2 + 11*a - 12. Let m(k) = -9*k**2 - 21*k + 23. Let r(o) = 4*m(o) + 7*s(o). Determine r(j).
8
Suppose 4 = 3*d - 4*d. Let t be 292/511 - (-18)/(-7). Let m = t - d. Let u(j) = j**3 - j**2 + j - 1. Give u(m).
5
Let g(l) be the second derivative of -l**4/12 - 3*l**3/2 - 3*l**2 + 4*l - 53. Determine g(-10).
-16
Let v = 23 + -21. Let r(t) = 0 - 385*t**2 - 6 + 386*t**v - 7*t. Suppose -3*x = -f + 19, -x = -0*f + 2*f - 10. Calculate r(f).
-6
Let t(k) = k**3 - 7*k**2 + 2*k - 10. Let d be t(7). Let a(h) = -5*h**3 - 2*h + 1 - 5 + d*h**3 + 6*h**2. Let z = 14 - 9. Calculate a(z).
11
Suppose 0 = 3*b - 39 + 21. Let v(t) = 2*t**2 - 5*t - 12. Let w be v(b). Let x = -30 + w. Let s(p) = p**3 + p**2 - p - 15. Determine s(x).
-15
Let h(f) = -f**3 + 4*f**2 - 3*f - 4. Let u be h(3). Let c(n) be the second derivative of -n**4/12 + n**3/3 + n**2/2 + 24*n + 3. What is c(u)?
-23
Let b(h) = 2*h**2 - 45*h + 105. Let i(n) = 171*n + 1217. Let x be i(-7). Determine b(x).
5
Let m(s) = -38*s - 19. Let k be m(6). Let u = k + 246. Let l(c) = -12*c - 1. What is l(u)?
11
Let l(a) = 2*a**2 + 7*a - 5. Suppose 0 = 5*y - 15 - 5, -3*z - 3*y + 3 = 0. Determine l(z).
-8
Let g(v) be the second derivative of -v**4/6 - 23*v**3/6 - 23*v**2/2 + v - 5435. Give g(-9).
22
Suppose -4*p = -f, 2*p - 10 = 7*p. Let t(m) = 3*m**2 + 5*m - 14. Let g be t(f). Let b(l) = -g - 2*l - 136 + 275. Give b(4).
-7
Suppose -2*l - 11 = k, -5*k + 305*l - 301*l - 27 = 0. Let g(r) = 2*r**3 + 14*r**2 + 4*r + 16. What is g(k)?
-12
Let m(q) = -16*q**2 - 7*q - 11. Let r(o) = -o - 2. Let p be -4 + (7 - 8/4). Let l(j) = p*m(j) - 5*r(j). What is l(-1)?
-15
Let t(q) = q + 1. Let b(o) = 4*o + 6. Let v be (-210)/(-36) - 6 - 13/(-6). Suppose -9*p + v = -8*p. Let s(r) = p*b(r) - 10*t(r). What is s(8)?
-14
Suppose 6*k + 11 = 2*t + 9*k, -5 = -t - 2*k. Suppose 14 + 10 = 2*c. Let m(q) = -c + 3*q - 2*q + t. What is m(11)?
6
Let n(h) = -21*h**2 + 1430*h - 139. Let o be n(68). Let l(u) = -3*u + 8. Let m(y) = -7*y + 15. Let i(j) = -11*l(j) + 6*m(j). Give i(o).
29
Let i be (-2 + 60/24)*(2 - 0). Let z(s) = -47*s - 4. Calculate z(i).
-51
Let l(v) = v**2 - 8. Suppose 3*d - 3*u - 11 = 7, 0 = -3*d - 4*u + 4. Calculate l(d).
8
Let l(b) = 21*b - 22. Suppose -46*c - 108 + 132 = -160. Determine l(c).
62
Let h(w) = 14 - 3*w - 12 + 2*w + 2*w. Let q be ((-402)/(-804))/((3/(-4))/(-3)). Determine h(q).
4
Let d = 4 - 6. Let s(i) = -4*i**2 - 6*i + 5. Let x(u) = u**2 + u - 1. Let l(w) = -w**2 + 11*w - 23. Let z be l(7). Let r(o) = z*x(o) + s(o). Give r(d).
6
Let q(d) = -d**2 - 4*d + 10. Let n be q(-7). Let o be n + 10 + 1 + -2. Let u(p) = -5 + 2 + 4 - p**2. Calculate u(o).
-3
Let q(y) be the first derivative of -2*y**3 + y**2 - y + 11. Let t be 210/(-91) - 68/(-221). Calculate q(t).
-29
Let w(b) = 2*b + 33. Let g be w(-6). Suppose g = 10*o - 13*o. Let q(x) = 3 + 9*x + 102*x**2 - 5 + 7 - 101*x**2. Determine q(o).
-9
Let f(y) be the second derivative of 1/20*y**5 + 19/2*y**2 + 70*y - 17/6*y**3 + 0 + 17/12*y**4. Give f(-18).
1
Let u be (-10)/((-10)/3) + 4 + -4. Let w(i) = -19 + 28*i**u - 27*i**3 + 18. Suppose 0*p + 15 = -p + 3*k, 0 = 2*p - 4*k + 20. What is w(p)?
-1
Suppose -10 = -r - 1. Suppose 4*u - 45 = r*y - 14*y, 39 = 4*u - y. Let q(i) = -4 + 5 + i - 5. Give q(u).
6
Let y(c) be the third derivative of -c**6/120 + c**5/2 - c**4/8 + 73*c**3/6 + 1304*c**2 - 2*c - 2. What is y(30)?
-17
Let w(m) = 9*m**3 - m**2 - 4*m + 3. Suppose 20*y - 22*y - 9 = -3*l, 0 = -y - 3. Calculate w(l).
7
Let l(d) = 1 - 34*d - 26*d + 56*d. Let q = -7 + 8. Let x be 1 - (7 - q)/3. Give l(x).
5
Let l(f) = f**2 - 2*f - 20. Suppose 15 = -3*c, -366*c - 44 = 3*z - 362*c. Give l(z).
60
Let g(t) be the third derivative of 247*t**4/24 - 206*t**3 - 873*t**2 + t - 2. What is g(5)?
-1
Let u(g) = 2*g**2 - 2*g + 1. Let v(a) = 5*a**2 - 37*a - 67. Let t(n) = 4*u(n) - v(n). Calculate t(-6).
5
Let c(p) = -11*p - 4. Let z be c(-2). Let u be 0 + 11/(33/z). Let i(r) = 7*r**2 - 2*r**2 - r**2 - 1 - u*r - 5*r**2. What is i(-4)?
7
Let i(m) = -5*m + 1. Let q be 193/9 - 28/63. Suppose 0 = -3*n - 15 + q. What is i(n)?
-9
Let z = 4357 + -4356. Let b(k) = 10*k**2 - k. Give b(z).
9
Let u(k) = 9*k + 20. Let z(x) = 5*x + 10. Let y(n) = -4*u(n) + 7*z(n). Let j(m) = m**3 - 3*m + 2. Let b be j(2). Suppose b*s - s = -15. Determine y(s).
-5
Suppose 196 = -25*v - 2*v - v. Let p(a) = -a**3 - 7*a**2 + 16*a + 1. What is p(v)?
-111
Let c(w) = w**3 + 5*w**2 - 2*w + 4. Let a be 2/(5*(-8)/(-11060)). Suppose -5*k + k - 4*z = 440, -5*k = 2*z + a. Let m = -117 - k. What is c(m)?
-20
Let i(a) = a**2 + 6*a - 3. Suppose -780 = 2*l + h - 796, h = 3*l - 14. Calculate i(l).
69
Let k(l) = 39 - 68 + l + 26. Let a(c) = 5*c - 86. Let b be a(18). Calculate k(b).
1
Let a(z) be the first derivative of z**3 - z**2 - 33*z - 168. Let d(n) = 0*n**2 - 16 - n + 2*n**2 + 0*n**2. Let r(b) = -3*a(b) + 5*d(b). Calculate r(0).
19
Let g(m) = m**2 + 7. Let b be 4/(-12)*(0 + 0). Let a be g(b). Let p(l) = -120*l + 41*l - 2 + 7 + 36*l + 40*l. Give p(a).
-16
Let b = -16 + 11. Let k(y) = -275*y - 269*y - 4 + 545*y. Give k(b).
-9
Let c(t) = t**2 - 29*t - 2. Let b be c(29). Let i(a) = 3*a**2 + 2. Let h(j) = -j**2. Let l(x) = 4*h(x) + i(x). Give l(b).
-2
Let h(s) = 2*s**3 - 13*s**2 + 6*s. Let k be (-4)/(-38) + 5376/912. Give h(k).
0
Let x be (-3 + 0)/((-1)/3). Let w(s) = -2 - 86*s**2 - 4*s + 84*s**2 + x*s. Suppose 0 = 3*u + 2*u - 15. Calculate w(u).
-5
Let p(x) be the third derivative of -3*x**4/4 + 35*x**3/6 + 1764*x**2. Calculate p(2).
-1
Let k(f) = -1 + 4 + 248772*f**2 - f - 248773*f**2. Let o(j) = -j - 3. Let x be o(-3). Determine k(x).
3
Let a(v) be the first derivative of 2/3*v**3 - 27*v - 3/2*v**2 + 1/6*v**4 - 35. Let j(k) be the first derivative of a(k). Determine j(2).
13
Let h(y) = y**2 - 8*y + 6. Let u be h(8). Suppose 15*o - 7*o - 48 = 0. Let n(k) = -2*k**3 + k**3 + 6 + 3 - o*k + 7*k**2. Determine n(u).
9
Let k(l) = -459*l**2 - l**3 + 465*l**2 + 4*l - 9 + 4*l. Let d be (-1 - -2)*(-14)/(-4)*2. Give k(d).
-2
Let h(l) = 5*l + 12. Let n be h(-7). Let v = 18 + n. Let t(p) be the third derivative of p**4/24 + 5*p**3/6 + 6*p**2. What is t(v)?
0
Let a(z) = -z**2 + 8*z - 9. Let g(h) = 2*h + 26. Let s be g(-10). Let i be a(s). Let t be i/(-24) + (-56)/64. Let j(y) = 7*y**3 - y**2. Calculate j(t).
-8
Suppose -84*d + 79*d + 10 = 0. Let q(b) = b**3 - b**d + 28*b + 3*b**2 - 29*b - 2*b**3. Give q(2).
-2
Let c(j) be the third derivative of -j**5/60 + j**4/24 + 11*j**3/6 + 7*j**2 + 90*j. Suppose 9*w = 11*w. Calculate c(w).
11
Let c be (207/(-27))/((-2)/840). Suppose -42*x - c = -49*x. Let p(f) = 2*f + 3*f + f**2 + 465 - x. What is p(-5)?
5
Let d(m) = -13 - m**2 - 13 + 47 - 15 - 11 + 12*m. Determine d(10).
15
Let m be 21/7 + 41/1. Let k = m - 40. Let j(z) be the second derivative of -z**3/6 + 2*z**2 - 2*z. Determine j(k).
0
Let i = -99 + 97. Let w be -4 + i/(-1 + 0). Let k(b) = -13 - b + 28 - 14. Give k(w).
3
Let z(s) = s**3 + 4*s**2 + 3*s. Let m be z(-2). Let k(o) = 2*o**2 + o**3 + 0*o**3 + m - 3*o - 5. Suppose 107*w + 19*w = -252. Calculate k(w).
3
Let w(x)